 5. Let f be q(4). Suppose 0 = -2*t + o - 9, -4*t + f + 10 = 5*o. What is x(t)?
-1
Let f(o) = o**2 + 3*o**2 + 0*o + o. Let c(r) = -r - 9. Let z be c(-8). What is f(z)?
3
Let t(i) be the first derivative of i**4/4 - 4*i**3/3 - 3*i**2/2 - 7*i + 31. Calculate t(5).
3
Let j(o) be the first derivative of o**4/4 + 4*o**3/3 + o**2 - o + 12. What is j(-3)?
2
Let f = 10 - 23. Let v(z) = -z - 16. Let p be v(f). Let i(w) be the first derivative of w**4/4 + 4*w**3/3 + w**2 + w - 1. Calculate i(p).
4
Let g(c) = 13*c**2 - 5*c - 3. Let v be (-2)/(3/((-21)/2)). Let y(q) = -19*q**2 + 7*q + 4. Let n(a) = v*g(a) + 5*y(a). Give n(-1).
-5
Let p(j) = 2*j**2 - 19*j + 10. Let w(v) = -v**2 + 9*v - 5. Let i(f) = 4*p(f) + 9*w(f). Let s = -20 + 24. Let g be i(s). Let y(m) = 3*m + 1. Give y(g).
-2
Let r(u) be the first derivative of -u**2/2 - u - 4. Suppose 2*w - 5*w = 3*l + 18, 4*l + 18 = -w. Give r(l).
3
Suppose -4*z = -2*z - 4. Let x(y) = 1 - y**3 - 4 + 5 + 4*y**z - 5. Give x(4).
-3
Let x(y) = -5*y**3 - 2*y**2 + 5*y - 4. Let a(o) = -4*o**3 - o**2 + 5*o - 3. Let f(g) = 6*a(g) - 5*x(g). What is f(-3)?
-4
Let o(r) = -5*r + 18. Let g(k) = -2*k + 9. Let n(s) = -7*g(s) + 3*o(s). Give n(-5).
-4
Suppose 0 = -3*i + 5*m - 9, -2*i + 2*m - 4 = 2. Let t(r) = -4*r + 1. Calculate t(i).
13
Let f = 1 - 7. Let a = -3 - f. Let s(y) = y - 4. Calculate s(a).
-1
Suppose -3*m + 55 = -8*m. Let f = m - -6. Let v(b) = b**2 + 5*b + 1. Calculate v(f).
1
Suppose 3*m = 5*d + 10, -3*m + 4 = -2*d + m. Let u(i) = i**3 + 4*i**2 + 4*i + 3. Give u(d).
3
Let z(g) be the third derivative of -g**7/420 + g**6/180 + g**5/120 + g**3/2 + 4*g**2. Let y(m) be the first derivative of z(m). Determine y(2).
-6
Let m(v) = 21*v - 57. Let b(x) = 5*x - 14. Let z(p) = 9*b(p) - 2*m(p). Determine z(8).
12
Let v(q) = q - 7. Suppose 4*u - 49 = 5*p, -5*u + 2*p = 5*p - 15. Give v(u).
-1
Let i(u) be the first derivative of -u**6/360 - 7*u**5/120 - u**4/4 - u**3/3 - 1. Let g(l) be the third derivative of i(l). Give g(-6).
0
Let f(h) = -h**2 + 4*h - 1. Let r(m) = -m + 13. Let v be r(8). Give f(v).
-6
Let b(p) = 9*p**2 - 1. Let z(g) = -5*g + 3*g - 20*g**3 - 2*g - 3*g**2 - 3 + 19*g**3. Let c be z(-2). Calculate b(c).
8
Let m(s) be the second derivative of -s**8/6720 + s**7/630 - s**6/360 - s**5/120 - s**4/2 + s. Let k(l) be the third derivative of m(l). Give k(3).
2
Let g(f) = -4*f - 52*f**2 + f**3 + 27*f**2 + 23*f**2 + 2. What is g(3)?
-1
Let c(a) = -7*a**3 + 2*a**2 + 5*a - 1. Let h(v) = v. Let o(d) = c(d) - 5*h(d). What is o(1)?
-6
Let w = 8 - 5. Let k(o) = 2 + 3*o**w - 3*o**3 - 2*o + o**3. Determine k(2).
6
Let y(j) be the second derivative of -5*j + 0 - 2*j**2 + 1/6*j**3. What is y(5)?
1
Let s(l) = 4*l + 2 + 2 + 1 - 3. Calculate s(4).
18
Let i(b) = -2*b + 4. Let g be (15/(-5))/(-2*(-2)/4). What is i(g)?
10
Let s(j) = 6*j**2 + 5*j**3 - 4*j**3 - 2*j - 2*j**3 + 3. Determine s(6).
-9
Let z(y) = -y + 2. Let j(l) = 2*l - 4. Let q(f) = 6*j(f) + 11*z(f). Give q(6).
4
Let o(y) = 7*y + 3 - 12*y + 1 + 12*y + y**2. Calculate o(-8).
12
Let d(o) = -o**3 - 5*o**2 - 4*o + 4. Suppose 0 = -m - 2, -4*m = -3*u - m - 6. Calculate d(u).
4
Let r = 3 + -6. Let g = -19 - -17. Let o = r - g. Let y(h) = -h**2 - h + 1. Give y(o).
1
Suppose 6 = -9*t + 3*t. Let d(n) = -3*n. Calculate d(t).
3
Let b = 2 - -4. Let k = b + -8. Let r(l) = -2 + 3 - 4*l - l**2 - 1 + 1. What is r(k)?
5
Let k(m) be the third derivative of m**5/60 + 3*m**4/8 + 2*m**3/3 - 5*m**2. Calculate k(-6).
-14
Let q(t) be the second derivative of t**3/6 - 7*t**2/2 + 11*t. Calculate q(5).
-2
Suppose -25 = -0*o - 5*o. Suppose -5*p = 2*h - 23 + o, 4*h = -p. Let x(a) = 5 + 2*a**2 + 2*a**2 - 3*a**2 - 3*a. Determine x(p).
9
Let r(i) = -2*i - i**2 - 3 + 3*i**2 + 2 - i**2. Calculate r(3).
2
Let l(f) = 7 - 3 + f - f**2 - 5*f. Let n be -18*(0 - 3/6). Let a = 5 - n. Calculate l(a).
4
Let l(z) = z**3 - 4*z**2 + 4*z - 3. Let n = -2 + 1. Let w = 1 - n. Give l(w).
-3
Let b(n) be the second derivative of -n**5/60 + n**4/12 + n**3/3 - 5*n**2/2 - 3*n. Let j(w) be the first derivative of b(w). Calculate j(4).
-6
Let b(w) = w**2 + 2 + 4 + 7*w - 3 - 4*w. Suppose 4*p + 0*g + 21 = -g, -2*p - 18 = 2*g. Give b(p).
7
Let i(h) = h**3 + 7*h**2 + 5*h + 8. Suppose 34*m = 29*m - 30. Determine i(m).
14
Let i be -4 + -2*2/4. Let m(x) = x**3 + 6*x**2 + 6*x + 3. Let a(y) = y. Let g(v) = 2*a(v) - m(v). What is g(i)?
-8
Let z(v) = v**2 - v + 1. Let r(q) = -12*q**2 + 12*q - 6. Let o(f) = r(f) + 10*z(f). Determine o(3).
-8
Let v be (-18)/(-5) - 10/(-25). Let k(s) = -v*s**2 - 4 - 5*s + 5*s**3 - s**3 - 5*s**3. Let m be (-1)/(2/4) - 1. What is k(m)?
2
Let h(x) = x**2 - 1. Suppose 0 = -2*a + 1 + 3. Suppose 10 = a*w - 7*w. Calculate h(w).
3
Let i(z) = -z**3 + 6*z**2 - 6. Let a(y) = -y**3 + 7*y**2 - 7. Suppose 0 = 2*g + 3*g + 30. Let q(f) = g*i(f) + 5*a(f). Give q(1).
1
Let d = -12 + 10. Let a(i) be the third derivative of -i**6/120 - i**5/12 - i**4/8 + 2*i**2. Determine a(d).
-6
Let v be 6/(-21) + (-4)/(-14). Let h = -11 - -15. Let p(y) = 14*y - h*y + 1 - 11*y. Give p(v).
1
Let m(x) be the third derivative of -x**4/12 - x**3/6 + 3*x**2. Let l be m(-1). Let b(f) = -f**3 - l - f + 0*f - 2 - 6*f**2 - 7*f. What is b(-5)?
12
Let u = 10 + -7. Suppose 3*c = 4 + 2. Let p(r) = 0 + c - r + 0. Determine p(u).
-1
Let p(k) = -16*k**2 + 35*k**2 - 1 - 23*k**2 + k**3 - 3*k. Determine p(4).
-13
Suppose -5*t + 2*i + 103 = i, -t - 4*i + 8 = 0. Suppose 4*z + t = -0. Let k(f) = -f**2 - 6*f - 7. What is k(z)?
-2
Let s(a) = -13*a + 14*a + a**2 - 2*a. What is s(3)?
6
Let p(w) = -3*w**2 + 2*w + 8. Let d(c) = 8*c**2 - 7*c - 23. Let u(m) = 4*d(m) + 11*p(m). What is u(-7)?
-11
Suppose -4*v + 79 = 5*q, 4*v + 0*v + 41 = 3*q. Suppose -5*h = -0*h - q. Let o(u) = 2*u - 4. What is o(h)?
2
Let g(i) = 14*i**3 + 5*i**2 + 2*i + 5. Let l(b) = b**3 + b**2 + b + 1. Let v(x) = g(x) - 4*l(x). Determine v(1).
10
Let p(m) be the second derivative of -m**5/20 - m**4/12 - m**3/3 - 3*m**2/2 + 2*m. Suppose -4*k + 0 = -20. Let u = -7 + k. Determine p(u).
5
Suppose -4*u + 2*u = 5*r + 21, 0 = -u + 2*r + 12. Let h(l) = -2 + 0 - 3*l + 1 - u. Calculate h(-2).
3
Let k(d) = 5 - 13 - 6*d - 5. Let c = -19 + 14. Let x(z) = -z - 1. Let i(l) = c*x(l) + k(l). Calculate i(-5).
-3
Let i(v) = -3*v - 4*v + 4*v + 5*v. Give i(-4).
-8
Let a(x) = -16*x**3 - 26*x**2 + 31*x - 5. Let w(z) = 3*z**3 + 5*z**2 - 6*z + 1. Let t be (-1)/2*(7 - -15). Let b(r) = t*w(r) - 2*a(r). Give b(-4).
-1
Let l(r) be the second derivative of -r**3/6 + 5*r**2/2 + 2*r. Let s(n) = 2*n - 10. Let h be s(14). Suppose -3*y + w = h, 3*y = y - 3*w - 1. Calculate l(y).
10
Let q(d) = -1. Let p(s) = s**3 - 6*s**2 + 7*s - 6. Let g(y) = -p(y) + 4*q(y). Let c = 0 + 2. Let k = c + 3. Give g(k).
-8
Let h be (-1)/(-1)*-5 - 0. Let y = h - -6. Let r(l) = -7*l**3 + l**2 + l - 1. Determine r(y).
-6
Let j(f) = -3 + 3 - 1 + f**2 - 2*f**2. Let p = -5 - -3. Determine j(p).
-5
Let g(s) be the second derivative of s**3/6 + 9*s**2/2 - 8*s. Let y be ((0 - 0)/(-2))/1. Give g(y).
9
Suppose -5*u - b = b - 9, 18 = 3*u - 3*b. Let o(n) be the second derivative of -1/12*n**4 + 3/2*n**2 + 0 + 2*n + 0*n**u. What is o(-3)?
-6
Let k be (-6)/8 - (-459)/68. Let d(n) = -n**3 + 7*n**2 - 7*n - 3. Give d(k).
-9
Let d be (-9 - -11)/((-4)/(-6)). Let i(r) = 0 - 3 + 2*r - 5*r**2 + 3*r**2 + 5. Give i(d).
-10
Let m(j) = 3*j**2 + 2*j. Let t be m(2). Let s = t - 8. Let b = s - 5. Let c(k) = k**3 - 5*k**2 + 4*k + 1. What is c(b)?
-5
Let o(t) be the second derivative of -t**4/12 + 5*t**3/6 - 2*t**2 - 7*t. Determine o(5).
-4
Suppose 5*r - 3*y = -37, 5*r - 3*y - y = -41. Let i(a) be the second derivative of 2*a + 0 + a**2 + 1/6*a**3. Give i(r).
-3
Let x(a) = a**2 + 3*a - 4. Suppose -24 = 30*f - 24*f. What is x(f)?
0
Let k(r) = 5*r - 4. Let g(d) = -1. Let s(f) = -3*g(f) + k(f). What is s(2)?
9
Let s(x) = 16*x**2 - 21*x + 16. Let u(k) = -3*k**2 + 4*k - 3. Let z(g) = 2*s(g) + 11*u(g). Determine z(-3).
-16
Let f(l) = 8*l - 5. Let i(g) = 15*g - 10. Let d(t) = 11*f(t) - 6*i(t). Let k(n) = -2*n + 4. Let b(c) = 5*d(c) - 6*k(c). Give b(1).
3
Let t = 0 - -2. Let y(p) = -6*p**2 + 2*p - 6. Let q(d) = -d**2 - 1. Let b(z) = -4*q(z) + y(z). What is b(t)?
-6
Let o(b) = 3*b + 2. Suppose 4 = 5*w - 6. Let f(m) = -w*m - 4*m - 3*m + 8*m. Let q(u) = 4*f(u) + o(u). What is q(6)?
-4
Let m = 66 + -62. Let f